g. What is the remainder when g is divided by 52?
11
Let d = -1287 - -1306. What is the remainder when 113 is divided by d?
18
What is the remainder when 71 is divided by 22/2 + -6 - -32?
34
Calculate the remainder when 153 is divided by -24*((-28)/6 - -3).
33
Let c(v) = -v + 11. Let m(t) = -t + 59. What is the remainder when m(19) is divided by c(0)?
7
Suppose 39*g = 34*g + 10. Let q be -3 + 0 - (-5 + -46). Suppose -q = g*f - 4*f. Calculate the remainder when f is divided by 13.
11
Suppose -4*d - 1 + 33 = 0. Suppose -65 = -18*h + 385. Let b = h - d. What is the remainder when 49 is divided by b?
15
Let y(f) = 22*f - 156. What is the remainder when y(9) is divided by 9?
6
Suppose 15*t - 14*t - 29 = -2*g, -3*t + 57 = -4*g. What is the remainder when 413 is divided by t?
22
Suppose -2*v + 4*b = 6, 0 = b - 1 - 0. Let u(f) = 13*f**2 + f + 1. What is the remainder when ((-10)/(-4))/5*74 is divided by u(v)?
11
Let b = -766 + 867. Calculate the remainder when b is divided by 26.
23
Suppose 4*r - 3*o - 22 = 0, 4*r - 2 = 2*r - 3*o. Suppose r*l + u = 63, 0*u = -2*l - 3*u + 29. Calculate the remainder when 28 is divided by 264/26 + l/(-104).
8
Let r(y) = -y**2 - 13*y + 16. Let t be 13*((-3)/9)/((-1)/(-3)). What is the remainder when 63 is divided by r(t)?
15
Suppose 3*c + 60 = 6*c - f, 2*f = 0. Suppose -4*n - 3*k + 242 = 0, 5*k - 108 - 20 = -2*n. Calculate the remainder when n is divided by c.
19
Let o = -947 + 1053. What is the remainder when 418 is divided by o?
100
Let s(j) = 35*j - 5. Let n be s(4). Let i = 223 - n. What is the remainder when i is divided by 30?
28
Let a be ((-2)/3)/(4/(-6)). Suppose a = -s + 9. Suppose -3*j = -15 - 3. What is the remainder when s is divided by j?
2
Let l = 596 + -549. Calculate the remainder when 143 is divided by l.
2
Let a(c) = c**3 + 13*c**2 - 15*c - 3. Suppose 0*j = 5*j + 70. What is the remainder when 28 is divided by a(j)?
6
Let u(s) = 19*s + 8. Let f(c) = c - 1. Let v(t) = -5*f(t) + u(t). Let z be v(4). Suppose -8*g + 35 = -z. What is the remainder when 63 is divided by g?
11
Let c be 0/(-1) - (-3 - 0). Suppose -14 = -c*f + 55. Calculate the remainder when 112 is divided by f.
20
Let x(j) = j**2 - j + 2. Let u(k) = k + 3. Let s be u(-1). Suppose s*f - 2 - 2 = 0. What is the remainder when x(2) is divided by f?
0
Let q = -45 - -15. What is the remainder when ((-36)/(-45))/((-1)/q) is divided by 14?
10
What is the remainder when 2 + 2 + 975/13 is divided by 27?
25
Suppose -3*m = -2*m - 14. Let t = -23 + 26. Suppose -4*v - f = -71 - 32, t*v - 5*f = 60. What is the remainder when v is divided by m?
11
Let n = 169 + -139. What is the remainder when n is divided by 16?
14
Let w = 244 + -108. Let x be 178/(-8) - (-3)/12. What is the remainder when 10 is divided by 2/(-11) - w/x?
4
Suppose -956 = -24*f - 212. Calculate the remainder when f is divided by 6.
1
Suppose -30 = -5*y + 4*p, -3*p + 65 = 5*y - 0*y. Suppose -3*x + 9 = -0. What is the remainder when y*((-5)/20)/(1/(-2)) is divided by x?
2
Let c(w) = -3*w**3 - 19*w**2 + 2*w - 34. What is the remainder when c(-8) is divided by 17?
15
Let b(c) = -c**3 + 6*c**2 - 3*c + 7. Let a = 779 + -717. Calculate the remainder when a is divided by b(5).
11
Suppose 7*f - 9*f + 47 = 5*x, 0 = 5*f - 2*x - 190. What is the remainder when 53 is divided by f?
17
Suppose 0 = 3*o + 3*l + 1 - 484, 3*l = 3. What is the remainder when o is divided by 23?
22
Suppose 0 = -11*d + 53 + 13. Suppose 0 = i + 4*i - 30. What is the remainder when d is divided by i?
0
Let l = 63 + -53. Let n(d) = 6*d - 4. What is the remainder when n(l) is divided by 15?
11
Let d be 5/(-20) + 10/8. Let x(t) = 0 + 3*t + 2 - 1. Calculate the remainder when 17 is divided by x(d).
1
Let a = -384 - -418. Calculate the remainder when a is divided by 15.
4
Let j(m) = m**2 - 13*m + 8. Let u be j(12). Let f = 17 - u. What is the remainder when f is divided by 4?
1
Let f = -456 + 471. Calculate the remainder when 163 is divided by f.
13
Suppose 5*n - 119 = i + 405, 3*i = 3. What is the remainder when n is divided by 40?
25
Let j = -1460 + 1485. What is the remainder when 1647 is divided by j?
22
Let g = 21 - 14. Suppose 0 = -g*n - 0 + 14. What is the remainder when 4 is divided by n?
0
Suppose -7*d - d + 8 = 0. Let o(b) = 3*b + 7. Calculate the remainder when 138 is divided by o(d).
8
Let a = -5499 + 5567. Let d = -8 + 26. Calculate the remainder when a is divided by d.
14
Let t be -16 - (2 - 0) - -4. Let i = -3 - t. What is the remainder when 64 is divided by i?
9
Suppose -l = -19*l + 3276. Calculate the remainder when l is divided by 17.
12
Suppose 0 = -101*k + 86*k + 255. What is the remainder when 148 is divided by k?
12
Let q = 74 - 38. What is the remainder when q is divided by 25?
11
Suppose -j = y, -3*y = j + 2*y. Suppose 3*d + 0*d - 15 = j. What is the remainder when d is divided by 10/3 + 24/(-612)*-17?
1
Let x be ((-408)/60)/((-1 - 2)/(-15)). Let j = x - -59. What is the remainder when j is divided by 14?
11
Let c be (-9)/(-6) + (-6)/(-4). Suppose 2 = t + c*s - 4*s, 3*t + 3*s = 0. What is the remainder when 27/t + 3 + 0 is divided by 8?
6
Let j be -2 + 3 + -3 + 2. Suppose 4*c - 92 - 116 = j. Calculate the remainder when c is divided by 27.
25
Let j = 945 - 445. Suppose -12*h + 17*h = j. What is the remainder when h is divided by 34?
32
Let n(v) = -37*v - 40. Suppose -3*o - 21 = f, 2*o = -3*o - 2*f - 35. Calculate the remainder when n(o) is divided by 44.
43
Suppose -2*k + 3 = -1. Suppose q = k + 2. Calculate the remainder when 51 is divided by ((-26)/(-4))/(2/q).
12
Suppose -4*n + 2*n = 3*l, 5 = -n - 4*l. Let v = -4 - -7. Calculate the remainder when v is divided by n.
0
Let k(g) = 3*g - 64. Let a be k(22). Suppose -9*c - a*c = -154. Calculate the remainder when 28 is divided by c.
0
Suppose 2*o - 2*z = 3 + 19, 5*o + 4*z = 91. What is the remainder when 8 + 0 + 38 + -28 is divided by o?
3
Suppose 5*l - 3*l - 5*p = -396, -4*p + 16 = 0. Let g = -112 - l. Calculate the remainder when g is divided by 39.
37
Let o(z) = -z**2 - 7*z + 10. Let c = -28 - -21. Let p(x) = -x**3 - 6*x**2 - 6*x - 7. What is the remainder when p(-6) is divided by o(c)?
9
Suppose 0 = 2*x - 7*x + 20. Suppose 2 + 2 = x*l. What is the remainder when 2 is divided by l?
0
Calculate the remainder when 4/5*((-830)/(-20) + 6) is divided by 15.
8
Suppose g = 6*g - 4*m - 312, 5*m = -4*g + 266. Calculate the remainder when 189 is divided by g.
61
Let j be 0 - -1 - 0/5. Let l = j + 19. Calculate the remainder when (-2 - (-166)/4)/(4/8) is divided by l.
19
Let k = 315 + -249. Calculate the remainder when 327 is divided by k.
63
Let a be 8/32 - 1438/(-8). Suppose 21*q - a = 16*q. Calculate the remainder when 142 is divided by q.
34
Let g(z) = -15*z - 352. Calculate the remainder when 12 is divided by g(-24).
4
Let t(r) = 8*r**2 - 5*r + 39. What is the remainder when t(-8) is divided by 33?
30
Suppose -5*l + 1162 = 377. Let p(k) = -2*k + 8. What is the remainder when l is divided by p(-6)?
17
Let z(r) = 17*r + 386. Calculate the remainder when 215 is divided by z(-22).
11
Let w(u) = -11*u - 110. Calculate the remainder when w(-12) is divided by 12.
10
Suppose -3*o = 2*h - 112, -h - 3*h = 4*o - 152. Calculate the remainder when 64 is divided by o.
28
Suppose -3*q - 3*l + 0*l + 234 = 0, l = 4*q - 317. Let h = -1216 - -1238. What is the remainder when q is divided by h?
13
Let y = 118 + -81. Let i = 2577 - 2567. What is the remainder when y is divided by i?
7
Suppose 5*k = -1 - 24, -3*h = k - 100. Calculate the remainder when h is divided by 3.
2
Suppose 5*k - 5*f = 95, 4*f - 2 = -6. Suppose 4*w + k - 34 = 0. Calculate the remainder when 11 is divided by w.
3
Calculate the remainder when 191 is divided by (4/(-12))/(3/(-27)) - -7.
1
Let a = -3859 + 3896. Suppose -3*v = -n + 32, -n + 5*v = n - 61. Calculate the remainder when a is divided by n.
14
What is the remainder when (7/((-84)/90))/(9/(-30)) is divided by 5/10*(7 + 1)?
1
Suppose 0 = -67*j + 8530 + 4133. What is the remainder when j is divided by 57?
18
Let o = 935 - 658. What is the remainder when o is divided by 70?
67
Let y(d) = -2*d**3 - 32*d**2 + 38*d + 55. Let o(s) = s**3 + 16*s**2 - 19*s - 27. Let z(m) = 5*o(m) + 2*y(m). What is the remainder when 25 is divided by z(-17)?
7
Suppose -4*t + 3 = -3*